1011100110
In base 3, what is -10200 - -102202120111?
102202102211
In base 12, what is -1180a08 + 26a?
-118075a
In base 10, what is 463 + 4876?
5339
In base 13, what is 1ba43 + b453?
2a196
In base 2, what is -101000 + 101100111100110010?
101100111100001010
In base 3, what is -10221121001 + 121?
-10221120110
In base 2, what is 1010 - -101110011101010010111?
101110011101010100001
In base 7, what is -1351511512 - -2?
-1351511510
In base 3, what is -210 - -2210000220221?
2210000220011
In base 9, what is 881 - -18230?
20221
In base 5, what is -11 + -2140300422?
-2140300433
In base 10, what is -57340198 + -3?
-57340201
In base 2, what is 11 + -10110011101111100011111000?
-10110011101111100011110101
In base 10, what is 315 + -345807?
-345492
In base 15, what is -5313b + 815?
-52826
In base 3, what is 1 - -11211210011011211?
11211210011011212
In base 4, what is 300320202030 + 121?
300320202211
In base 14, what is 30cb2 + -3?
30cad
In base 4, what is -3202 - 1000231013?
-1000300221
In base 10, what is 0 - -5507659?
5507659
In base 13, what is -1ba39 - 59?
-1ba95
In base 4, what is 32 + -2301332303?
-2301332211
In base 11, what is 28 - 5385a0?
-538573
In base 14, what is -29 - 209662?
-20968b
In base 12, what is ba416 - -5ba?
baa14
In base 8, what is -5 + -3101164?
-3101171
In base 15, what is -1 + cc1a2d?
cc1a2c
In base 15, what is -9 + -61c8ba?
-61c8c4
In base 10, what is -440 - -314434?
313994
In base 7, what is 1003062034 + -4?
1003062030
In base 12, what is 232553 - -1?
232554
In base 15, what is -30ccc1 + 5?
-30ccbb
In base 9, what is -30341207 - -4?
-30341203
In base 8, what is 5723525 - 3?
5723522
In base 9, what is -20612103 - 0?
-20612103
In base 6, what is 101 + -125252452?
-125252351
In base 9, what is -14 + -23518360?
-23518374
In base 9, what is -1016424101 + -4?
-1016424105
In base 15, what is 100 + 108d66?
108e66
In base 5, what is -2404 + -13433221?
-13441130
In base 8, what is -135 + -160332?
-160467
In base 14, what is 253b07 - -8a?
253b93
In base 8, what is 3 - -1502434670?
1502434673
In base 14, what is 27ba6 - 31?
27b75
In base 7, what is 15040 - 106511?
-61441
In base 9, what is -27 - -1158546?
1158518
In base 9, what is -22 - -4868600?
4868567
In base 2, what is 1001111 - -1101100100001001?
1101100101011000
In base 4, what is 101 + 2310210200?
2310210301
In base 16, what is -99d + 50?
-94d
In base 16, what is -e5 - -e17a7?
e16c2
In base 2, what is 11100 + -1001000111000100?
-1001000110101000
In base 10, what is 483 - 137504?
-137021
In base 14, what is -7c69 - -514?
-7755
In base 4, what is 10112203 + -111122?
10001021
In base 4, what is -3202321 - 3102120?
-12311101
In base 7, what is 125030 + 213630?
341660
In base 7, what is 101624012 - -162?
101624204
In base 3, what is -210122012 - -20200?
-210101112
In base 6, what is 34 - -1044505142?
1044505220
In base 12, what is 1401653 - -2?
1401655
In base 2, what is -10 + 100100011011111000101?
100100011011111000011
In base 7, what is -3 + 201641403?
201641400
In base 4, what is 11112021111 - -11?
11112021122
In base 2, what is -1 + 1000001110100100011101?
1000001110100100011100
In base 5, what is 1301211 - -32030?
1333241
In base 3, what is -11 - -10220101121101102?
10220101121101021
In base 6, what is -5501140241 - 4?
-5501140245
In base 7, what is 0 + -4164455?
-4164455
In base 6, what is -104504 + -2300?
-111204
In base 10, what is 2398370 + 160?
2398530
In base 6, what is 1 + -403433432?
-403433431
In base 3, what is 10122000110120 + 21?
10122000110211
In base 7, what is -102 + -5610530?
-5610632
In base 6, what is -22421 - 21232?
-44053
In base 5, what is -203441424040 + -1?
-203441424041
In base 13, what is 3cb84085 + 5?
3cb8408a
In base 15, what is 2 - 794aacd?
-794aacb
In base 12, what is 9b2a48 + -2?
9b2a46
In base 7, what is 1023102335 + -5?
1023102330
In base 5, what is -20 + 4221233413?
4221233343
In base 11, what is -1a96660 - 0?
-1a96660
In base 3, what is 120212 + -211101200010?
-211101002021
In base 2, what is 10100111101000000011110000010 - 10?
10100111101000000011110000000
In base 3, what is 1022001211001 + 1010121?
1022002221122
In base 10, what is 0 - 10685222?
-10685222
In base 13, what is 6b86a96a - -2?
6b86a96c
In base 8, what is 251750 - -552?
252522
In base 3, what is 1112222 + 1110202201?
1112022200
In base 8, what is 264 + 706131?
706415
In base 3, what is 2022121022021 - -102?
2022121022200
In base 12, what is -6a - -63795b?
6378b1
In base 16, what is -23d - -16b64?
16927
In base 3, what is 1011000 + -11121121120?
-11120110120
In base 8, what is -120730 - 11236?
-132166
In base 4, what is 12 - -2330102002300?
2330102002312
In base 9, what is 5617 - 1605?
4012
In base 2, what is 100010111111001110011110111 - -100?
100010111111001110011111011
In base 6, what is 21305415 - 24?
21305351
In base 16, what is b45b - 37?
b424
In base 10, what is 201739449 - -5?
201739454
In base 13, what is -8a + 35353?
35296
In base 15, what is 2 + 9982ee2?
9982ee4
In base 4, what is -2331020 + 11222?
-2313132
In base 11, what is -2 + -a7492?
-a7494
In base 12, what is -11660b0b - 14?
-11660b23
In base 10, what is 11 - 1336686?
-1336675
In base 9, what is 31781887 - 4?
31781883
In base 15, what is b9 + -4c0a8?
-4bede
In base 13, what is -15 + 4c39c1?
4c39a9
In base 2, what is -11011100110001 - -10110101111000?
-100110111001
In base 12, what is 29a4 + -6a9?
22b7
In base 3, what is -122122122212 + -110?
-122122200022
In base 13, what is -986060 + 4?
-986059
In base 10, what is -101396313 + -3?
-101396316
In base 16, what is 1a - e13?
-df9
In base 16, what is -9c + 69a3?
6907
In base 12, what is 522 - -215869?
21618b
In base 11, what is -88035 + 1503?
-86632
In base 14, what is -14d2c70 - -5?
-14d2c69
In base 12, what is 7 + -138959?
-138952
In base 8, what is 16411675 + 5?
16411702
In base 13, what is 20 - -4b853?
4b873
In base 11, what is -625933 + -7?
-62593a
In base 4, what is 2 - 12210310323321?
-12210310323313
In base 10, what is 2430689 - -30?
2430719
In base 5, what is -11041012004 + 0?
-11041012004
In base 4, what is 13 + -33301102111?
-33301102032
In base 15, what is 186 + -24617?
-24481
In base 6, what is 415 - 15513252?
-15512433
In base 16, what is 26fbb - c7?
26ef4
In base 3, what is 102210 - 2100112010?
-2100002100
In base 6, what is 13 + -20522315?
-20522302
In base 11, what is 4 - 18627aa?
-18627a6
In base 16, what is -f6 - 154962?
-154a58
In base 13, what is 28261485 + 0?
28261485
In base 4, what is 20232001 - -1303?
20233310
In base 12, what is -78 + 3a828b?
3a8213
In base 9, what is -4006 + -68503?
-73510
In base 2, what is 10010000000 - -101001001111?
111011001111
In base 9, what is -1088117768 + -4?
-1088117773
In base 6, what is 302422003 - 4?
302421555
In base 7, what is -235165 - -220?
-234645
In base 9, what is -24 + 105316?
105282
In base 16, what is 918c71 - 31?
918c40
In base 14, what is -165 + -7d8931?
-7d8a96
In base 4, what is -321 - -2112112132?
2112111211
In base 14, what is d644c9 + 5c?
d64547
In base 8, what is -12532301 - 0?
-12532301
In base 6, what is 1 - 25110125?
-25110124
In base 5, what is -1 - 33013131423?
-33013131424
In base 5, what is -1014203 + -30203?
-1044411
In base 15, what is -3 + -265bdb4?
-265bdb7
In base 3, what is -121000210 - 210122212?
-1101200122
In base 10, what is 18930 + 1800?
20730
In base 16, what is 330c7f + -12?
330c6d
In base 16, what is -2c3705 - 26?
-2c372b
In base 4, what is 2202 + -10020120?
-10011312
In base 12, what is -3 - -55089?
55086
In base 5, what is 110040141442 - 1?
110040141441
In base 9, what is 1134 - -266841?
268075
In base 15, what is 5 + -e5500?
-e54ea
In base 13, what is -c1014c + -3c?
-c1018b
In base 9, what is 42551227 + -6?
42551221
In base 14, what is -3 - -c0b0112?
c0b010d
In base 3, what is 21002200 + 202012011?
1000021211
In base 10, what is -2124457 - 33?
-2124490
In base 5, what is -4 + -400403104?
-400403113
In base 8, what is -320222 + 2503?
-315517
In base 5, what is 341224331 + -3?
341224323
In base 10, what is -29852079 - -5?
-29852074
In base 13, what is -219a3 - -1186?
-2081a
In base 6, what is 10341141221 + 0?
10341141221
In base 16, what is -57d008 + 5?
-57d003
In base 9, what is 47485727 + 0?
47485727
In base 15, what is -1865ac6 - -1d?
-1865aa8
In base 11, what is 178a8